he prime factors of 530?
2, 5, 53
List the prime factors of 1981.
7, 283
List the prime factors of 1917.
3, 71
List the prime factors of 26.
2, 13
What are the prime factors of 1711?
29, 59
List the prime factors of 3023.
3023
What are the prime factors of 350?
2, 5, 7
List the prime factors of 2138.
2, 1069
What are the prime factors of 58723?
7, 8389
List the prime factors of 34918.
2, 13, 17, 79
What are the prime factors of 130535?
5, 26107
List the prime factors of 79865.
5, 15973
List the prime factors of 681.
3, 227
What are the prime factors of 3156?
2, 3, 263
List the prime factors of 25336.
2, 3167
List the prime factors of 6893.
61, 113
List the prime factors of 6507.
3, 241
What are the prime factors of 400?
2, 5
What are the prime factors of 16914?
2, 3, 2819
What are the prime factors of 1890?
2, 3, 5, 7
List the prime factors of 54304.
2, 1697
List the prime factors of 2905.
5, 7, 83
What are the prime factors of 9642?
2, 3, 1607
What are the prime factors of 21493?
21493
List the prime factors of 49509.
3, 5501
List the prime factors of 6280.
2, 5, 157
List the prime factors of 15041.
13, 89
List the prime factors of 54070.
2, 5, 5407
List the prime factors of 2849.
7, 11, 37
List the prime factors of 1399.
1399
List the prime factors of 1252.
2, 313
List the prime factors of 1011.
3, 337
List the prime factors of 11063.
13, 23, 37
What are the prime factors of 12212?
2, 43, 71
What are the prime factors of 90?
2, 3, 5
List the prime factors of 13249.
13249
What are the prime factors of 503?
503
What are the prime factors of 1120?
2, 5, 7
List the prime factors of 6394.
2, 23, 139
List the prime factors of 5339.
19, 281
List the prime factors of 155184.
2, 3, 53, 61
List the prime factors of 1948.
2, 487
List the prime factors of 588.
2, 3, 7
What are the prime factors of 2859?
3, 953
List the prime factors of 2150.
2, 5, 43
What are the prime factors of 32253?
3, 13, 827
List the prime factors of 717.
3, 239
List the prime factors of 33221.
139, 239
List the prime factors of 519.
3, 173
What are the prime factors of 4947?
3, 17, 97
List the prime factors of 1951.
1951
What are the prime factors of 2081?
2081
What are the prime factors of 403?
13, 31
List the prime factors of 11982.
2, 3, 1997
What are the prime factors of 36172?
2, 9043
What are the prime factors of 9312?
2, 3, 97
What are the prime factors of 2206?
2, 1103
List the prime factors of 45363.
3, 15121
What are the prime factors of 264?
2, 3, 11
List the prime factors of 13387.
11, 1217
What are the prime factors of 11273?
11273
What are the prime factors of 35760?
2, 3, 5, 149
What are the prime factors of 12542?
2, 6271
What are the prime factors of 834?
2, 3, 139
List the prime factors of 565.
5, 113
What are the prime factors of 121521?
3, 40507
What are the prime factors of 2559?
3, 853
List the prime factors of 250.
2, 5
List the prime factors of 18355.
5, 3671
What are the prime factors of 370?
2, 5, 37
What are the prime factors of 12949?
23, 563
List the prime factors of 2034.
2, 3, 113
List the prime factors of 1656.
2, 3, 23
What are the prime factors of 587?
587
What are the prime factors of 4271?
4271
What are the prime factors of 3624?
2, 3, 151
What are the prime factors of 33313?
7, 4759
What are the prime factors of 1006?
2, 503
List the prime factors of 19068.
2, 3, 7, 227
What are the prime factors of 490?
2, 5, 7
What are the prime factors of 15220?
2, 5, 761
What are the prime factors of 17788?
2, 4447
List the prime factors of 732.
2, 3, 61
List the prime factors of 74526.
2, 3, 12421
List the prime factors of 35098.
2, 7, 23, 109
List the prime factors of 1134.
2, 3, 7
What are the prime factors of 2679?
3, 19, 47
What are the prime factors of 5997?
3, 1999
List the prime factors of 6832.
2, 7, 61
List the prime factors of 4737.
3, 1579
List the prime factors of 2797.
2797
List the prime factors of 532.
2, 7, 19
What are the prime factors of 37029?
3, 12343
What are the prime factors of 650?
2, 5, 13
List the prime factors of 18372.
2, 3, 1531
List the prime factors of 2706.
2, 3, 11, 41
What are the prime factors of 1019?
1019
What are the prime factors of 1987?
1987
List the prime factors of 2242.
2, 19, 59
List the prime factors of 4209.
3, 23, 61
What are the prime factors of 5219?
17, 307
List the prime factors of 18615.
3, 5, 17, 73
List the prime factors of 969.
3, 17, 19
List the prime factors of 37598.
2, 11, 1709
What are the prime factors of 1868?
2, 467
List the prime factors of 33429.
3, 11, 1013
List the prime factors of 1645.
5, 7, 47
List the prime factors of 2060.
2, 5, 103
List the prime factors of 7015.
5, 23, 61
What are the prime factors of 18486?
2, 3, 13, 79
List the prime factors of 1870.
2, 5, 11, 17
What are the prime factors of 184484?
2, 17, 2713
List the prime factors of 254.
2, 127
List the prime factors of 14743.
23, 641
List the prime factors of 35401.
35401
List the prime factors of 3500.
2, 5, 7
List the prime factors of 80310.
2, 3, 5, 2677
What are the prime factors of 121947?
3, 7, 5807
List the prime factors of 18298.
2, 7, 1307
List the prime factors of 3626.
2, 7, 37
List the prime factors of 1525.
5, 61
List the prime factors of 74467.
113, 659
List the prime factors of 2670.
2, 3, 5, 89
What are the prime factors of 346?
2, 173
List the prime factors of 7597.
71, 107
List the prime factors of 2184.
2, 3, 7, 13
List the prime factors of 2746.
2, 1373
List the prime factors of 3101.
7, 443
What are the prime factors of 1853?
17, 109
What are the prime factors of 582?
2, 3, 97
What are the prime factors of 843?
3, 281
List the prime factors of 82202.
2, 23, 1787
List the prime factors of 5771.
29, 199
List the prime factors of 4574.
2, 2287
List the prime factors of 2015.
5, 13, 31
List the prime factors of 814.
2, 11, 37
List the prime factors of 152.
2, 19
List the prime factors of 2491.
47, 53
What are the prime factors of 9899?
19, 521
List the prime factors of 53900.
2, 5, 7, 11
What are the prime factors of 2398?
2, 11, 109
List the prime factors of 8217.
3, 11, 83
List the prime factors of 16741.
16741
List the prime factors of 544.
2, 17
What are the prime factors of 128493?
3, 4759
What are the prime factors of 18993?
3, 13, 487
What are the prime factors of 763?
7, 109
List the prime factors of 86949.
3, 9661
List the prime factors of 2818.
2, 1409
What are the prime factors of 1207?
17, 71
What are the prime factors of 67418?
2, 13, 2593
What are the prime factors of 3408?
2, 3, 71
List the prime factors of 106.
2, 53
What are the prime factors of 1483?
1483
What are the prime factors of 155?
5, 31
What are the prime factors of 6603?
3, 31, 71
List the prime factors of 103093.
103093
What are the prime factors of 1240?
2, 5, 31
List the prime factors of 1287.
3, 11, 13
List the prime factors of 16931.
16931
List the prime factors of 1834.
2, 7, 131
List the prime factors of 8038.
2, 4019
List the prime factors of 13255.
5, 11, 241
What are the prime factors of 33496?
2, 53, 79
List the prime factors of 9741.
3, 17, 191
What are the prime factors of 9366?
2, 3, 7, 223
What are the prime factors of 871?
13, 67
What are the prime factors of 2810?
2, 5, 281
List the prime factors of 3732.
2, 3, 311
List the prime factors of 27234.
2, 3, 17, 89
List the prime factors of 75342.
2, 3, 29, 433
List the prime factors of 2361.
3, 787
What are the prime factors of 10423?
7, 1489
List the prime factors of 19144.
2, 2393
List the prime factors of 1535.
5, 307
List the prime factors of 36523.
36523
List the prime factors of 2401.
7
List the prime factors of 15850.
2, 5, 317
What are the prime factors of 377?
13, 29
What are the prime factors of 1491?
3, 7, 71
List the prime factors of 3042.
2, 3, 13
List the prime factors of 15556.
2, 3889
List the prime factors of 7313.
71, 103
List the prime factors of 36216.
2, 3, 503
List the prime factors of 3251.
3251
What are the prime factors of 2386?
2, 1193
List the prime factors of 691.
691
List the prime factors of 12101.
12101
What are the prime factors of 67?
67
List the prime factors of 642.
2, 3, 107
What are the prime factors of 29670?
2, 3, 5, 23, 43
List the prime factors of 3307.
3307
What are the prime factors of 5152?
2, 7, 23
List the prime fact